{"id":8,"date":"2023-08-04T10:26:54","date_gmt":"2023-08-04T08:26:54","guid":{"rendered":"https:\/\/innovatronica.com\/?page_id=8"},"modified":"2023-08-28T18:33:10","modified_gmt":"2023-08-28T16:33:10","slug":"strona-glowna","status":"publish","type":"page","link":"https:\/\/innovatronica.com\/","title":{"rendered":"Strona g\u0142\u00f3wna"},"content":{"rendered":"\n<h1 class=\"wp-block-heading has-text-align-center\" style=\"text-transform:none\"><strong><span style=\"font-size: 36pt;\">&#8222;Wszystko co jest naturalne, jest ciche, proste i tanie&#8221;<\/span><\/strong> <\/h1>\n\n\n\n<h1 class=\"wp-block-heading has-text-align-center\"><span style=\"font-size: 36pt;\">Viktor Schauberger<\/span><\/h1>\n\n\n\n<p class=\"has-text-align-center has-x-large-font-size\">O nas<\/p>\n\n\n\n<p class=\"has-text-align-left\">Jeste\u015bmy niewielk\u0105 firm\u0105 dzia\u0142aj\u0105c\u0105 w wielu bran\u017cach. B\u0119d\u0105c firm\u0105 technologiczn\u0105 o profilu elektronicznym rozwin\u0119li\u015bmy ofert\u0119 o przyjazne ludziom produkty powszechnego u\u017cytku, takie jak: <\/p>\n\n\n\n<ul class=\"wp-block-list\">\n<li>krzes\u0142o <a title=\"Krzes\u0142o ortopedyczne\" href=\"https:\/\/www.dragonflychair.com\/krzeslo-ortopedyczne\">DragonFlyChair<\/a><\/li>\n\n\n\n<li>piecyk pasywny<a href=\"https:\/\/www.dragonflychair.com\/piecyk-pasywny\"> CottonPot<\/a><\/li>\n<\/ul>\n\n\n\n<p class=\"has-text-align-left\">Nasza g\u0142\u00f3wna oferta obejmuje:<\/p>\n\n\n\n<ul class=\"wp-block-list\">\n<li>projektowanie i wykonywanie urz\u0105dze\u0144 elektronicznych profesjonalnych oraz powszechnego u\u017cytku,<\/li>\n\n\n\n<li>pomiary, badania, certyfikacja,&nbsp;<\/li>\n\n\n\n<li>projektowanie CAD i druk 3D,<\/li>\n\n\n\n<li>projektowanie i wykonywanie urz\u0105dze\u0144 elektromechanicznych.<\/li>\n<\/ul>\n\n\n\n<p class=\"has-text-align-left\">Nie unikamy tak\u017ce innych bran\u017c oraz zawsze wspieramy pomys\u0142y naszych klient\u00f3w.<\/p>\n\n\n\n<figure class=\"wp-block-gallery has-nested-images columns-6 is-cropped wp-block-gallery-1 is-layout-flex wp-block-gallery-is-layout-flex\">\n<figure class=\"wp-block-image size-large\"><img loading=\"lazy\" decoding=\"async\" width=\"1024\" height=\"768\" data-id=\"55\" src=\"https:\/\/innovatronica.com\/wp-content\/uploads\/2023\/08\/IMG_20230609_174030-1024x768.jpg\" alt=\"\" class=\"wp-image-55\" srcset=\"https:\/\/innovatronica.com\/wp-content\/uploads\/2023\/08\/IMG_20230609_174030-1024x768.jpg 1024w, https:\/\/innovatronica.com\/wp-content\/uploads\/2023\/08\/IMG_20230609_174030-300x225.jpg 300w, https:\/\/innovatronica.com\/wp-content\/uploads\/2023\/08\/IMG_20230609_174030-768x576.jpg 768w, https:\/\/innovatronica.com\/wp-content\/uploads\/2023\/08\/IMG_20230609_174030-1536x1152.jpg 1536w, https:\/\/innovatronica.com\/wp-content\/uploads\/2023\/08\/IMG_20230609_174030-2048x1536.jpg 2048w\" sizes=\"auto, (max-width: 1024px) 100vw, 1024px\" \/><\/figure>\n\n\n\n<figure class=\"wp-block-image size-large\"><img loading=\"lazy\" decoding=\"async\" width=\"768\" height=\"1024\" data-id=\"50\" src=\"https:\/\/innovatronica.com\/wp-content\/uploads\/2023\/08\/IMG_20230727_103732-768x1024.jpg\" alt=\"\" class=\"wp-image-50\" srcset=\"https:\/\/innovatronica.com\/wp-content\/uploads\/2023\/08\/IMG_20230727_103732-768x1024.jpg 768w, https:\/\/innovatronica.com\/wp-content\/uploads\/2023\/08\/IMG_20230727_103732-225x300.jpg 225w, https:\/\/innovatronica.com\/wp-content\/uploads\/2023\/08\/IMG_20230727_103732-1152x1536.jpg 1152w, https:\/\/innovatronica.com\/wp-content\/uploads\/2023\/08\/IMG_20230727_103732-1536x2048.jpg 1536w, https:\/\/innovatronica.com\/wp-content\/uploads\/2023\/08\/IMG_20230727_103732-scaled.jpg 1920w\" sizes=\"auto, (max-width: 768px) 100vw, 768px\" \/><\/figure>\n\n\n\n<figure class=\"wp-block-image size-large\"><img loading=\"lazy\" decoding=\"async\" width=\"1024\" height=\"768\" data-id=\"51\" src=\"https:\/\/innovatronica.com\/wp-content\/uploads\/2023\/08\/IMG_20230727_104305-1024x768.jpg\" alt=\"\" class=\"wp-image-51\" srcset=\"https:\/\/innovatronica.com\/wp-content\/uploads\/2023\/08\/IMG_20230727_104305-1024x768.jpg 1024w, https:\/\/innovatronica.com\/wp-content\/uploads\/2023\/08\/IMG_20230727_104305-300x225.jpg 300w, https:\/\/innovatronica.com\/wp-content\/uploads\/2023\/08\/IMG_20230727_104305-768x576.jpg 768w, https:\/\/innovatronica.com\/wp-content\/uploads\/2023\/08\/IMG_20230727_104305-1536x1152.jpg 1536w, https:\/\/innovatronica.com\/wp-content\/uploads\/2023\/08\/IMG_20230727_104305-2048x1536.jpg 2048w\" sizes=\"auto, (max-width: 1024px) 100vw, 1024px\" \/><\/figure>\n\n\n\n<figure class=\"wp-block-image size-large\"><img loading=\"lazy\" decoding=\"async\" width=\"768\" height=\"1024\" data-id=\"54\" src=\"https:\/\/innovatronica.com\/wp-content\/uploads\/2023\/08\/IMG_20230608_134434-768x1024.jpg\" alt=\"\" class=\"wp-image-54\" srcset=\"https:\/\/innovatronica.com\/wp-content\/uploads\/2023\/08\/IMG_20230608_134434-768x1024.jpg 768w, https:\/\/innovatronica.com\/wp-content\/uploads\/2023\/08\/IMG_20230608_134434-225x300.jpg 225w, https:\/\/innovatronica.com\/wp-content\/uploads\/2023\/08\/IMG_20230608_134434-1152x1536.jpg 1152w, https:\/\/innovatronica.com\/wp-content\/uploads\/2023\/08\/IMG_20230608_134434-1536x2048.jpg 1536w, https:\/\/innovatronica.com\/wp-content\/uploads\/2023\/08\/IMG_20230608_134434-scaled.jpg 1920w\" sizes=\"auto, (max-width: 768px) 100vw, 768px\" \/><\/figure>\n\n\n\n<figure class=\"wp-block-image size-large\"><img loading=\"lazy\" decoding=\"async\" width=\"1024\" height=\"768\" data-id=\"52\" src=\"https:\/\/innovatronica.com\/wp-content\/uploads\/2023\/08\/IMG_20230727_104256-1024x768.jpg\" alt=\"\" class=\"wp-image-52\" srcset=\"https:\/\/innovatronica.com\/wp-content\/uploads\/2023\/08\/IMG_20230727_104256-1024x768.jpg 1024w, https:\/\/innovatronica.com\/wp-content\/uploads\/2023\/08\/IMG_20230727_104256-300x225.jpg 300w, https:\/\/innovatronica.com\/wp-content\/uploads\/2023\/08\/IMG_20230727_104256-768x576.jpg 768w, https:\/\/innovatronica.com\/wp-content\/uploads\/2023\/08\/IMG_20230727_104256-1536x1152.jpg 1536w, https:\/\/innovatronica.com\/wp-content\/uploads\/2023\/08\/IMG_20230727_104256-2048x1536.jpg 2048w\" sizes=\"auto, (max-width: 1024px) 100vw, 1024px\" \/><\/figure>\n\n\n\n<figure class=\"wp-block-image size-large\"><img loading=\"lazy\" decoding=\"async\" width=\"1024\" height=\"768\" data-id=\"38\" src=\"https:\/\/innovatronica.com\/wp-content\/uploads\/2023\/08\/IMG_20230209_093124-1024x768.jpg\" alt=\"\" class=\"wp-image-38\" srcset=\"https:\/\/innovatronica.com\/wp-content\/uploads\/2023\/08\/IMG_20230209_093124-1024x768.jpg 1024w, https:\/\/innovatronica.com\/wp-content\/uploads\/2023\/08\/IMG_20230209_093124-300x225.jpg 300w, https:\/\/innovatronica.com\/wp-content\/uploads\/2023\/08\/IMG_20230209_093124-768x576.jpg 768w, https:\/\/innovatronica.com\/wp-content\/uploads\/2023\/08\/IMG_20230209_093124-1536x1152.jpg 1536w, https:\/\/innovatronica.com\/wp-content\/uploads\/2023\/08\/IMG_20230209_093124-2048x1536.jpg 2048w\" sizes=\"auto, (max-width: 1024px) 100vw, 1024px\" \/><\/figure>\n<\/figure>\n\n\n\n<h3 class=\"wp-block-heading has-text-align-center\">Misja firmy<\/h3>\n\n\n\n<p class=\"has-text-align-left\">Misj\u0105 jest dostarczanie klientom dobrej jako\u015bci polskich produkt\u00f3w, a przy tym korzystnych zdrowotnie i ekonomicznie.<\/p>\n\n\n\n<p class=\"has-text-align-left\">Czyli jest to szeroko rozumiana dzia\u0142alno\u015b\u0107 w kierunku polepszenia prawdziwej jako\u015bci \u017cycia klient\u00f3w.<br>Rozumiemy to jako:<br>&#8211; posiadanie d\u00f3br tylko w takiej ilo\u015bci jaka jest niezb\u0119dna do dobrego dostatniego \u017cycia,<br>&#8211; kupowanie tylko dobrej jako\u015bci produkt\u00f3w, kt\u00f3re u\u017cytkuje si\u0119 przez d\u0142u\u017cszy czas,<br>&#8211; egzystowanie w \u015brodowisku nie zanieczyszczonym, oddychanie czystym powietrzem,<br>&#8211; korzystanie z produkt\u00f3w pro-zdrowotnych lub najwy\u017cej neutralnych dla zdrowia i planety.<\/p>\n\n\n\n<p class=\"has-text-align-left\">Strategia firmy na najbli\u017csze 5 lat zwi\u0105zana z misj\u0105 firmy to:<br>&#8211; oferowanie tylko produkt\u00f3w ekologicznych lub pro-ekologicznych, korzystnie wp\u0142ywaj\u0105cych na \u015brodowisko i cz\u0142owieka bezpo\u015brednio,<br>&#8211; aktywne promowanie ekologicznych rozwi\u0105za\u0144, m.in. poprzez w\u0142asn\u0105 ofert\u0119,<br>&#8211; rozw\u00f3j firmy poprzez wdra\u017canie nowych kompetencji i produkt\u00f3w,<br>&#8211; zwi\u0119kszenie \u015bwiadomo\u015bci spo\u0142ecze\u0144stwa,<br>&#8211; inspirowanie do pozytywnych zmian i rozwoju,<br>&#8211; zwi\u0119kszenie zatrudnienia celem zwi\u0119kszenia jako\u015bci obs\u0142ugi klient\u00f3w, <br>&#8211; wykonywanie i wdra\u017canie produkt\u00f3w, kt\u00f3re przyczyni\u0105 si\u0119 do polepszenia stanu \u015brodowiska.<\/p>\n\n\n\n<figure class=\"wp-block-image aligncenter\"><img loading=\"lazy\" decoding=\"async\" width=\"1024\" height=\"768\" src=\"http:\/\/innovatronica.com\/wp-content\/uploads\/2023\/08\/IMG_20230618_190607-1024x768.jpg\" alt=\"\" class=\"wp-image-57\" srcset=\"https:\/\/innovatronica.com\/wp-content\/uploads\/2023\/08\/IMG_20230618_190607-1024x768.jpg 1024w, https:\/\/innovatronica.com\/wp-content\/uploads\/2023\/08\/IMG_20230618_190607-300x225.jpg 300w, https:\/\/innovatronica.com\/wp-content\/uploads\/2023\/08\/IMG_20230618_190607-768x576.jpg 768w, https:\/\/innovatronica.com\/wp-content\/uploads\/2023\/08\/IMG_20230618_190607-1536x1152.jpg 1536w, https:\/\/innovatronica.com\/wp-content\/uploads\/2023\/08\/IMG_20230618_190607-2048x1536.jpg 2048w\" sizes=\"auto, (max-width: 1024px) 100vw, 1024px\" \/><\/figure>\n\n\n\n<p class=\"has-text-align-left\">&nbsp;<\/p>\n\n\n\n<p class=\"has-text-align-center\">To co wydaje si\u0119 fantastyk\u0105, to tylko rzeczy nieodkryte, niepoznane. Staramy si\u0119 je odkry\u0107. \ud83d\ude42<\/p>\n","protected":false},"excerpt":{"rendered":"<p>&#8222;Wszystko co jest naturalne, jest ciche, proste i tanie&#8221; Viktor Schauberger O nas Jeste\u015bmy niewielk\u0105 firm\u0105 dzia\u0142aj\u0105c\u0105 w wielu bran\u017cach. B\u0119d\u0105c firm\u0105 technologiczn\u0105 o profilu elektronicznym rozwin\u0119li\u015bmy ofert\u0119 o przyjazne ludziom produkty powszechnego u\u017cytku, takie jak: Nasza g\u0142\u00f3wna oferta obejmuje: Nie unikamy tak\u017ce innych bran\u017c oraz zawsze wspieramy pomys\u0142y naszych klient\u00f3w. Misja firmy Misj\u0105 jest [&hellip;]<\/p>\n","protected":false},"author":1,"featured_media":0,"parent":0,"menu_order":0,"comment_status":"closed","ping_status":"closed","template":"","meta":{"footnotes":""},"class_list":["post-8","page","type-page","status-publish","hentry"],"_links":{"self":[{"href":"https:\/\/innovatronica.com\/index.php\/wp-json\/wp\/v2\/pages\/8","targetHints":{"allow":["GET"]}}],"collection":[{"href":"https:\/\/innovatronica.com\/index.php\/wp-json\/wp\/v2\/pages"}],"about":[{"href":"https:\/\/innovatronica.com\/index.php\/wp-json\/wp\/v2\/types\/page"}],"author":[{"embeddable":true,"href":"https:\/\/innovatronica.com\/index.php\/wp-json\/wp\/v2\/users\/1"}],"replies":[{"embeddable":true,"href":"https:\/\/innovatronica.com\/index.php\/wp-json\/wp\/v2\/comments?post=8"}],"version-history":[{"count":34,"href":"https:\/\/innovatronica.com\/index.php\/wp-json\/wp\/v2\/pages\/8\/revisions"}],"predecessor-version":[{"id":264,"href":"https:\/\/innovatronica.com\/index.php\/wp-json\/wp\/v2\/pages\/8\/revisions\/264"}],"wp:attachment":[{"href":"https:\/\/innovatronica.com\/index.php\/wp-json\/wp\/v2\/media?parent=8"}],"curies":[{"name":"wp","href":"https:\/\/api.w.org\/{rel}","templated":true}]}}